{"id":3565,"date":"2022-07-19T10:47:30","date_gmt":"2022-07-19T14:47:30","guid":{"rendered":"https:\/\/www.scu.sld.cu\/hgrillo\/?page_id=3565"},"modified":"2022-07-19T10:47:30","modified_gmt":"2022-07-19T14:47:30","slug":"brigada-puerto-rico-smc","status":"publish","type":"page","link":"https:\/\/www.scu.sld.cu\/hgrillo\/brigada-puerto-rico-smc\/","title":{"rendered":"Brigada Puerto Rico SMC"},"content":{"rendered":"<p style=\"text-align: justify\"><a href=\"https:\/\/www.scu.sld.cu\/hgrillo\/wp-content\/uploads\/sites\/84\/2022\/07\/20220718_085418-Copy.jpg\"><img loading=\"lazy\" decoding=\"async\" class=\"  wp-image-3564 alignleft\" src=\"https:\/\/www.scu.sld.cu\/hgrillo\/wp-content\/uploads\/sites\/84\/2022\/07\/20220718_085418-Copy.jpg\" alt=\"20220718_085418 (Copy)\" width=\"229\" height=\"161\" \/><\/a>Al personal de Sala Internacional del Hospital Dr. Ambrosio Grillo Portuondo. Con el mayor agradecimiento por el excelente servicio, el calor humano y el gran profesionalismo brindado, de un pa\u00eds hermano al otro.<\/p>\n<p style=\"text-align: justify\">A los miembros de la brigada Juan Ruis Rivera, de Puerto Rico durante la hospitalizaci\u00f3n de varios brigadistas en los d\u00edas del 10 de julio hasta 18 de julio del 2022.<\/p>\n<p style=\"text-align: justify\">Seguimos siendo las dos alas de un solo coraz\u00f3n.<\/p>\n<p style=\"text-align: justify\">Agradecen:<\/p>\n<p style=\"text-align: justify\">H\u00e9ctor Cruz , Ariel Hern\u00e1ndez, Ram\u00f3n \u00a8moncho\u00a8 Ramos, Ren\u00e9 Rom\u00e1n Iglesias, Jonaylene Maldonado Irizarry, Juan A. Fort\u00e1n. Gracias.<\/p>\n","protected":false},"excerpt":{"rendered":"<p>Al personal de Sala Internacional del Hospital Dr. Ambrosio Grillo Portuondo. Con el mayor agradecimiento por el excelente servicio, el\u2026<\/p>\n<p> <a class=\"continue-reading-link\" href=\"https:\/\/www.scu.sld.cu\/hgrillo\/brigada-puerto-rico-smc\/\"><span>Continue reading<\/span><i class=\"icon-right-dir\"><\/i><\/a><\/p>\n","protected":false},"author":16,"featured_media":0,"parent":0,"menu_order":0,"comment_status":"closed","ping_status":"open","template":"","meta":{"footnotes":""},"class_list":["post-3565","page","type-page","status-publish","hentry"],"_links":{"self":[{"href":"https:\/\/www.scu.sld.cu\/hgrillo\/wp-json\/wp\/v2\/pages\/3565","targetHints":{"allow":["GET"]}}],"collection":[{"href":"https:\/\/www.scu.sld.cu\/hgrillo\/wp-json\/wp\/v2\/pages"}],"about":[{"href":"https:\/\/www.scu.sld.cu\/hgrillo\/wp-json\/wp\/v2\/types\/page"}],"author":[{"embeddable":true,"href":"https:\/\/www.scu.sld.cu\/hgrillo\/wp-json\/wp\/v2\/users\/16"}],"replies":[{"embeddable":true,"href":"https:\/\/www.scu.sld.cu\/hgrillo\/wp-json\/wp\/v2\/comments?post=3565"}],"version-history":[{"count":1,"href":"https:\/\/www.scu.sld.cu\/hgrillo\/wp-json\/wp\/v2\/pages\/3565\/revisions"}],"predecessor-version":[{"id":3566,"href":"https:\/\/www.scu.sld.cu\/hgrillo\/wp-json\/wp\/v2\/pages\/3565\/revisions\/3566"}],"wp:attachment":[{"href":"https:\/\/www.scu.sld.cu\/hgrillo\/wp-json\/wp\/v2\/media?parent=3565"}],"curies":[{"name":"wp","href":"https:\/\/api.w.org\/{rel}","templated":true}]}}